 + 7*y**3/3 - 13*y**2. Let t be f(-8). What is the tens digit of 6/4*18*t/3?
5
Let g(j) = j - 20. Let m be g(8). Let n(w) = -2*w - 22. Let u be n(m). Suppose -2*y + y + 90 = u*b, b + 2*y = 42. What is the tens digit of b?
4
Suppose 0 = 3*b + z - 499, b + 831 = 6*b + z. Suppose -b = 3*o - 805. What is the units digit of o?
3
Let j = 86 + 116. What is the units digit of 3 + (-4 - 2) - (-2 - j)?
1
Suppose 3*b + 837 - 3172 = 4*o, -5*b = -o - 3903. Suppose -b = -7*g + 108. Suppose -140 - g = -y. What is the tens digit of y?
6
Let u(l) = l**3 + 62*l**2 + 114*l + 3829. What is the ten thousands digit of u(-27)?
2
Suppose 3*s - 37 - 203 = 0. Let t(j) = -2*j**3 - 65*j**2 + 251*j - 45. Let i be t(-36). What is the units digit of i/21 + s/7?
1
Let v(t) = 2*t**2 + 11*t + 6. Suppose c + 5*b - 25 = 0, 0*c + 55 = 4*c + 5*b. Let z(s) = -s - 1. Let l be z(c). What is the hundreds digit of v(l)?
1
Suppose 1317 = -13*r - 5170. Let v = r + 654. What is the tens digit of v?
5
Suppose -3*w + 6 = -j + 2, -3*j + w = -20. Let s(b) = 68*b - 49. What is the hundreds digit of s(j)?
4
Let i be (-18712)/(-12) - (-20)/(-15). Suppose -11*b + 9*b = -i. What is the tens digit of b?
7
Suppose -q = 3*s - 39737, 2*q - 20978 = 5*s + 58408. What is the ten thousands digit of q?
3
Let x(h) = 3*h**3 + h**2 + 8*h + 13. Let a be x(-4). What is the tens digit of -6*905/a - 2/(-13)?
2
Let h(j) = -9*j**2 + 3584. What is the thousands digit of h(0)?
3
Let z = 57310 + -28702. What is the ten thousands digit of z?
2
Let p = 4549 - 3909. Let m = 1 + 4. Suppose -2*t + 75 = w - 57, 0 = -m*w - 5*t + p. What is the units digit of w?
4
What is the tens digit of ((-42)/5)/(22/(-3025))?
5
Suppose f - 392 = -v - 1229, -2*f + 3336 = -4*v. Let k = -331 - v. What is the units digit of k?
4
Let q(t) = 772*t + 6248. What is the ten thousands digit of q(6)?
1
Let h = 23083 + -9179. What is the thousands digit of h?
3
Let d be 17/5 - (7/5 + -1). Suppose -f - 23 = -5*l, -f + 28 = 4*l + d*f. Suppose -l*h = 5*b - 390, 6 - 3 = -h. What is the tens digit of b?
8
Let c(a) = 8*a**2 - 2*a + 5. Let y be c(3). Suppose -y*s + 74*s - 1350 = 0. Suppose 6*b = 174 + s. What is the hundreds digit of b?
1
Let v(w) = w**3 + w**2 - 2*w + 3. Let x be v(-2). Let g be 258 - x/(6/8). Suppose a = -a + g. What is the units digit of a?
7
Let j(h) = 6*h**2 - 8*h - 3. Let d(s) = -s**2 - s - 1. Let f(b) = -6*d(b) + j(b). What is the tens digit of f(-6)?
4
Let b(y) = 11*y**3 - 4*y**2 + 8*y - 6. Let u(h) = -3 - 643*h**2 + 644*h**2 + 1. Let z be u(-2). What is the tens digit of b(z)?
8
Let v(p) = -21*p - 43. Let z(x) = -11*x - 22. Let q(t) = -4*v(t) + 7*z(t). Suppose -3*j = -2*a + 1 - 10, j + 4*a = 17. What is the units digit of q(j)?
3
Suppose 4*w - 30 = -14. Suppose 373 + 779 = w*z. What is the units digit of z?
8
Let w = 29910 + -15178. What is the tens digit of w?
3
Let u(z) = z - 6. Let a be u(6). Let m(v) = -v**2 - 184 - 21*v + 50*v - 27*v + 212. What is the units digit of m(a)?
8
Suppose -884*c + 805*c + 2354911 = 0. What is the hundreds digit of c?
8
Let b(o) be the second derivative of o**5/10 - o**4/2 - o**3/2 - 17*o**2/2 - 32*o. What is the hundreds digit of b(7)?
3
Suppose 445 - 78 = -4*a - 3*n, 0 = -5*a + 4*n - 420. Let t = a + 102. Suppose t*k - 2346 + 148 = 0. What is the units digit of k?
7
Let n = -6856 + 21732. What is the ten thousands digit of n?
1
What is the units digit of 54446/22 + (-1054)/(-5797)?
5
Let h be 90/2*(-2)/(-5). Let c be h*10 - (0 + 2). Suppose -c = -4*y + 2*y. What is the units digit of y?
9
Let k(m) = m**3 - 2*m**2 + 63*m - 144. What is the tens digit of k(23)?
1
Let y = -3467 + 5052. What is the thousands digit of y?
1
Let g = 1321 + 158. What is the hundreds digit of g?
4
Let x be (1/(-3))/((-15)/225). Suppose 0 = -4*v + 2*v + x*g + 17, -5 = -v - g. Let j(m) = m + 6. What is the tens digit of j(v)?
1
Let y(i) = i**2 - 2*i - 20. Suppose 4*a = -2*a + 30. Let k be y(a). Let c = k - -29. What is the units digit of c?
4
Let u(h) = -h**2 - 6. Let z be u(-4). Let f = z + 26. Suppose -f*d = -174 - 246. What is the units digit of d?
5
Let n = 929 + 138. Let c = -704 + n. What is the units digit of c?
3
Suppose -2*r = -24 - 4. Suppose 1430 - 86 = r*k. What is the units digit of k?
6
Suppose 6*b = -7*b - 0*b. What is the tens digit of (b - 41/(-2))*(-32 - -66)?
9
Let d = 26505 - 15289. What is the tens digit of d?
1
Let m = -1225 + 2909. Suppose -4*k + 2*a + m = 0, 1263 = 3*k + 6*a - 5*a. What is the tens digit of k?
2
Suppose -35 = -13*q + 30. Suppose -k + q = 3. Suppose -a = k*w - 3*w + 23, 4*w - 92 = -3*a. What is the units digit of w?
3
Suppose -16699 = -14*b + 90317. What is the tens digit of b?
4
Suppose -63 = 3*o - 10*o. Suppose -4*j - 465 = -o*j. Suppose 0 = l - 0*c + 2*c - j, -l + 3*c + 78 = 0. What is the tens digit of l?
8
Let k = -2848 + 10537. What is the thousands digit of k?
7
Let y(i) = 7*i - 121. Let k be y(16). What is the tens digit of ((-120)/k - -4)/((-14)/(-273))?
3
What is the tens digit of 1299543/(28 + -9) - -2*(-6)/(-3)?
0
Let g = 194 + 1533. Suppose g = 7*r + 243. What is the units digit of r?
2
Let m(q) = -q**3 - 22*q**2 + 26*q + 95. Let j be m(-23). Let x = j - -745. What is the units digit of x?
1
What is the units digit of 4*((-15654)/4)/(-3)?
8
Suppose 0 = 351*i - 345*i. What is the tens digit of 21 - (i + (2 - 8))?
2
Let p(m) = -m**3 + 11*m**2 + m**2 + 4*m - 11*m + 10*m + 2 - 4. Suppose 5*y + 4*g + g = 30, -30 = -5*y + 2*g. What is the hundreds digit of p(y)?
2
Suppose -f + 104*z - 107*z = -50913, 3*f = z + 152749. What is the units digit of f?
6
Suppose n - 12 - 8 = 0. Suppose 12*w + n = 16*w. Suppose o - 54 = w*c + 71, -o - 2*c = -111. What is the tens digit of o?
1
Suppose 5*o - 4*k - 32285 = k, 4*k = 5*o - 32289. What is the thousands digit of o?
6
Suppose -489724 - 81890 = -71*f + 121275. What is the hundreds digit of f?
7
What is the hundreds digit of (-1 - 0)/(1*-1*9/37413)?
1
What is the tens digit of ((-260)/6)/(-13)*(-61038)/(-30)?
8
Let s(j) = 20*j + 215. Suppose 32*y = 38*y - 30. What is the tens digit of s(y)?
1
Let i(k) = -2*k - 23. Let t(s) be the first derivative of s**2 - 12*s - 33. Let n be t(0). What is the units digit of i(n)?
1
Let y(z) = 277*z - 1679. What is the hundreds digit of y(10)?
0
Suppose -11*k = -146 + 3. Let x = 13 - k. What is the tens digit of (-8 + -159)*(x + 2)/(-2)?
6
Suppose -4059*q = -4036*q - 670243. What is the ten thousands digit of q?
2
Let y(v) = v**3 + 12*v**2 + v + 19. Let m be y(-12). Suppose 0 = z - 5*n - 4 - 5, -3*z - 4*n = -8. Suppose z*u + 243 = m*u. What is the units digit of u?
1
Suppose 20*t = 17*t + 30. Suppose -20*l = -23*l - 6. What is the units digit of ((-45)/t)/(l/32)?
2
Suppose -5*j = 3*m - 2*m - 497, 4*j - 3*m = 390. Suppose 87 = -3*y - 2*y + g, -j = 5*y + 3*g. What is the hundreds digit of (-11 - 1)*y/2?
1
Let s be 1*-3*(-3)/(-3). Let n(d) be the third derivative of 7*d**5/60 + d**4/8 - d**3/2 + 153*d**2. What is the tens digit of n(s)?
5
Let z(p) = p**3 - 21*p**2 - 73*p + 31. Let w be z(24). What is the tens digit of ((-4)/8)/(w/2086)*-5?
4
Suppose 3*i = 9 - 0. Suppose a = i*x + 57, x - 12 = a - 67. Let c = a - 22. What is the tens digit of c?
3
Let i(z) = z**3 + 9*z**2 + 2*z + 15. Let j(s) = 16 + 0 + 11*s**2 + s**3 - 2*s**2 + s. Let k(v) = -4*i(v) + 5*j(v). What is the units digit of k(-9)?
7
Suppose 4 = x, z - 2*x - 8 = -0*x. Suppose 15*q - z*q = -7. Suppose -q = -s - 2, -4*s + 285 = b. What is the tens digit of b?
6
Suppose 6137 = 58*m - 54*m - 3*h, -4*m + 6147 = -h. What is the hundreds digit of m?
5
Let w(c) = 3*c**2 + 2*c - 14. Let l be w(6). Let a = 43 - l. Let h = 32 - a. What is the units digit of h?
5
Suppose -2*i = 16*i - 1836. Suppose i + 242 = y. What is the hundreds digit of y?
3
Let p = -165 + 164. What is the hundreds digit of (p/(-2))/(87/160080)?
9
Suppose 3*l - 3*k + 855 = 0, -2*k = 5*l - 89 + 1521. Let x be (-2 - 0) + -181 + (0 - 11). Let j = x - l. What is the tens digit of j?
9
What is the ten thousands digit of 28/((-1820)/(-4179617)) + (-6)/(-5)?
6
Let g be (2/4)/((-2)/(-24)). Suppose -13*b + g*b = -1694. What is the hundreds digit of b?
2
Let g = -38 + 100. What is the hundreds digit of (-15890)/(-26) + g/(-403)?
6
Let i(q) = 153*q - 285*q - 77 + 29*q. What is the hundreds digit of i